
Is 12373 prime?
True
Is 40219 a prime number?
False
Is 712469 a composite number?
True
Is 7993 prime?
True
Is 52951 a composite number?
False
Is 217409 composite?
False
Is 10799 composite?
False
Is 1373249 composite?
True
Is 119453 a composite number?
True
Is 177301 prime?
True
Is 36323 prime?
False
Is 285511 composite?
True
Is 146369 composite?
False
Is 23347 a composite number?
True
Is 1448659 prime?
True
Is 1138 composite?
True
Is 1067 a prime number?
False
Is 51407 prime?
True
Is 956429 a composite number?
False
Is 807847 a prime number?
False
Is 5611 prime?
False
Is 786437 prime?
False
Is 8791 a prime number?
False
Is 1527 prime?
False
Is 1817197 prime?
True
Is 29201 a composite number?
False
Is 13997 a prime number?
True
Is 887 a composite number?
False
Is 658547 prime?
True
Is 93949 a composite number?
False
Is 1399 composite?
False
Is 792445 prime?
False
Is 26797 a composite number?
True
Is 289049 a composite number?
False
Is 12867 composite?
True
Is 55921 composite?
False
Is 24391 composite?
False
Is 100907 a prime number?
True
Is 151199 composite?
True
Is 6619 a prime number?
True
Is 703169 a composite number?
False
Is 12373 prime?
True
Is 3377 composite?
True
Is 90313 composite?
False
Is 6449 a composite number?
False
Is 50321 a composite number?
False
Is 535447 composite?
True
Is 11665 a prime number?
False
Is 3127 a prime number?
False
Is 54709 composite?
False
Is 489941 a composite number?
False
Is 25523 prime?
True
Is 87509 a composite number?
False
Is 130241 composite?
False
Is 255947 composite?
False
Is 173347 a prime number?
True
Is 156929 prime?
False
Is 534193 a composite number?
True
Is 107929 a composite number?
True
Is 7979 prime?
False
Is 21181 a composite number?
True
Is 8951 composite?
False
Is 4441137 a prime number?
False
Is 36689 a prime number?
False
Is 565453 composite?
True
Is 30633 a composite number?
True
Is 381911 a composite number?
False
Is 1708439 composite?
False
Is 20299 composite?
True
Is 53401 composite?
False
Is 92551 a prime number?
True
Is 10007 a composite number?
False
Is 11113 a composite number?
False
Is 11233 composite?
True
Is 2672903 prime?
True
Is 1543 a prime number?
True
Is 36187 a composite number?
False
Is 49253 composite?
False
Is 162003 a composite number?
True
Is 1931569 composite?
False
Is 12707 a composite number?
True
Is 18191 prime?
True
Is 7993 composite?
False
Is 698923 a prime number?
True
Is 8731 composite?
False
Is 2053 prime?
True
Is 1010089 composite?
True
Is 178323 a composite number?
True
Is 197887 a composite number?
False
Is 69761 a prime number?
True
Is 2767 a prime number?
True
Is 4981 a prime number?
False
Is 383242 a composite number?
True
Is 2243 a prime number?
True
Is 49339 a composite number?
False
Is 24607 prime?
False
Is 784429 prime?
False
Is 34739 a prime number?
True
Is 468641 composite?
False
Is 12149 a prime number?
True
Is 102589 a composite number?
True
Is 38723 a prime number?
True
Is 1634923 a composite number?
False
Is 1438057 a prime number?
True
Is 608453 a composite number?
True
Is 155069 prime?
True
Is 12419 a prime number?
False
Is 3271 a prime number?
True
Is 439753 a prime number?
True
Is 540317 composite?
True
Is 67423 composite?
True
Is 145753 a composite number?
False
Is 967111 a prime number?
True
Is 3271 composite?
False
Is 17369 prime?
False
Is 5147 a prime number?
True
Is 1376849 a prime number?
False
Is 35671 composite?
False
Is 3669 composite?
True
Is 1731 a prime number?
False
Is 255613 composite?
False
Is 100627 a prime number?
False
Is 104421 a composite number?
True
Is 15689 a composite number?
True
Is 1261 prime?
False
Is 27955 a composite number?
True
Is 76573 composite?
True
Is 3695 composite?
True
Is 32467 composite?
False
Is 63197 a prime number?
True
Is 27677 a composite number?
True
Is 1574623 a composite number?
False
Is 197419 a composite number?
False
Is 551 prime?
False
Is 1315219 a composite number?
True
Is 76147 prime?
True
Is 1361 a composite number?
False
Is 4187 a prime number?
False
Is 135977 composite?
False
Is 29149 composite?
True
Is 8123 prime?
True
Is 111 prime?
False
Is 490813 composite?
True
Is 18295 a prime number?
False
Is 836117 a prime number?
True
Is 7639 prime?
True
Is 3446 prime?
False
Is 229583 prime?
True
Is 4981 a composite number?
True
Is 58553 a prime number?
False
Is 860029 prime?
True
Is 121037 prime?
False
Is 1893 composite?
True
Is 127859 composite?
False
Is 149585 a prime number?
False
Is 24133 prime?
True
Is 439957 a composite number?
True
Is 6887 a prime number?
False
Is 3589 a composite number?
True
Is 935245 a prime number?
False
Is 5323 a composite number?
False
Is 13649 prime?
True
Is 3930637 composite?
False
Is 19661 composite?
False
Is 6318473 prime?
False
Is 491707 composite?
False
Is 12227 prime?
True
Is 15499 a prime number?
False
Is 1709 composite?
False
Is 2747 a composite number?
True
Is 142127 composite?
True
Is 51929 composite?
False
Is 439661 a composite number?
False
Is 32173 a composite number?
False
Is 44327 composite?
True
Is 2789 a prime number?
True
Is 27677 a composite number?
True
Is 100693 prime?
True
Is 47711 a composite number?
False
Is 213089 prime?
False
Is 1524599 a composite number?
True
Is 177091 composite?
False
Is 68531 prime?
True
Is 19739 a composite number?
False
Is 43913 a prime number?
True
Is 1275517 a prime number?
False
Is 12889 composite?
False
Is 29083 prime?
False
Is 161 a composite number?
True
Is 27785 a prime number?
False
Is 138499 prime?
False
Is 251849 a composite number?
True
Is 202013 a prime number?
False
Is 145 composite?
True
Is 1593213 composite?
True
Is 641993 prime?
False
Is 322906 composite?
True
Is 2944331 prime?
False
Is 3022 a prime number?
False
Is 15937 prime?
True
Is 4441 composite?
False
Is 5234 a prime number?
False
Is 127481 composite?
False
Is 3103 prime?
False
Is 3985 composite?
True
Is 94747 prime?
True
Is 199011 a prime number?
False
Is 1711 a composite number?
True
Is 1345991 a composite number?
True
Is 19049 prime?
False
Is 2863 a composite number?
True
Is 13829 a prime number?
True
Is 828349 a composite number?
False
Is 51841 prime?
False
Is 17903 prime?
True
Is 46855 a composite number?
True
Is 24821 a composite number?
False
Is 11777 a composite number?
False
Is 238991 a prime number?
True
Is 3787 prime?
False
Is 49821 a prime number?
False
Is 4957 a prime number?
True
Is 1527 a composite number?
True
Is 15163 a composite number?
True
Is 24611 composite?
False
Is 41491 prime?
True
Is 2726929 a prime number?
False
Is 11741 composite?
True
Is 5897 composite?
False
Is 79711 composite?
True
Is 38539 composite?
True
Is 158461 a composite number?
True
Is 24439 composite?
False
Is 143711 a prime number?
True
Is 1973 a composite number?
False
Is 95255 composite?
True
Is 59401 a prime number?
False
Is 21677 a composite number?
True
Is 26219 prime?
False
Is 100907 a prime number?
True
Is 73181 a composite number?
False
Is 2247637 a prime number?
False
Is 160471 composite?
True
Is 57709 a composite number?
False
Is 4957 composite?
False
Is 931883 prime?
True
Is 11401 prime?
False
Is 2787491 a composite number?
True
Is 2467 composite?
False
Is 1513 a composite number?
True
Is 29567 a composite number?
False
Is 52841 prime?
False
Is 27637 a composite number?
True
Is 572735 a composite number?
True
Is 2785 a prime number?
False
Is 30755 a composite number?
True
Is 11311 a prime number?
True
Is 10483 a prime number?
False
Is 24671 prime?
True
Is 3315917 prime?
False
Is 4169 a prime number?
False
Is 681159 a composite number?
True
Is 206197 composite?
False
Is 7195 composite?
True
Is 1039173 composite?
True
Is 496597 prime?
False
Is 10717 a prime number?
False
Is 19517 prime?
False
Is 983 a prime number?
True
Is 89321 a prime number?
False
Is 33403 prime?
True
Is 128813 composite?
False
Is 99551 composite?
False
Is 5561 a composite number?
True
Is 25979 prime?
False
Is 59303 a composite number?
True
Is 18973 a composite number?
False
Is 11195 a composite number?
True
Is 16487 prime?
True
Is 3293 composite?
True
Is 9533 a prime number?
True
Is 10847 prime?
True
Is 627959 a composite number?
True
Is 1643431 a prime number?
True
Is 6803 a prime number?
True
Is 246889 prime?
True
Is 202087 composite?
False
Is 1873013 prime?
Tr